-2314*t + 25543. Give w(11).
89
Let l(k) = -k**3 + 4023*k**2 - 6*k + 4. What is l(0)?
4
Let u(d) = 5192*d**2 + 134990*d - 60. What is u(-26)?
-8
Let o(h) = 721*h**2 - 43263*h + 128. Give o(60).
-52
Let i(c) = 984*c**2 - 101*c + 1. Determine i(1).
884
Let d(u) = -99*u**3 + 9*u**2 - 27*u - 83. Give d(-2).
799
Let x(v) = -v**3 - 13*v**2 + 39*v + 18. Determine x(-9).
-657
Let b(p) = -p**2 - 100*p + 41482. Give b(164).
-1814
Let a(n) = 5*n**2 - 1886*n + 136964. Calculate a(279).
-25
Let w(v) = -2*v**2 - 11797*v + 118159. What is w(10)?
-11
Let f(v) = v**3 + 406*v**2 - 42*v - 17036. What is f(-406)?
16
Let l(m) = -1217*m + 649883. Calculate l(534).
5
Let v(t) = 2336*t**2 + 336385*t + 136. Calculate v(-144).
-8
Let c(i) = 9*i**3 + 367*i**2 - 12597*i + 119. What is c(-63)?
-70
Let d(h) = h**3 + 272*h**2 - 989*h + 109684. Give d(-277).
-8
Let n(u) = 14340*u + 315807. Determine n(-22).
327
Let i(w) = 12*w**3 - 26*w**2 + 162*w - 27. Give i(5).
1633
Let c(y) = 264*y**2 - 3390*y - 560. Give c(13).
-14
Let i(j) = 10445*j + 62574. What is i(-6)?
-96
Let u(p) = -5*p**2 - 493*p - 7180. Give u(-84).
-1048
Let c(m) = -52*m**2 + 12894*m - 26. Calculate c(248).
-522
Let b(c) = -8*c**2 + 100*c + 615. Give b(17).
3
Let k(q) = -q**3 + 18*q**2 + 142*q - 2915. Determine k(15).
-110
Let t(o) = 3*o**3 - 238*o**2 + 998*o - 1724. What is t(75)?
1
Let v(m) = -m**2 + 67457*m - 24355121. Determine v(363).
1
Let u(r) = 3*r**2 - 181*r - 3059. What is u(74)?
-25
Let a(r) = r**2 - 14075*r + 168703. Calculate a(12).
-53
Let b(f) = -192*f - 3721. Determine b(-23).
695
Let y(x) = x**2 - 47200*x + 990747. Give y(21).
-12
Let u(k) = 5*k**2 - 975*k - 12418. What is u(-12)?
2
Let m(y) = -425*y - 43721. Determine m(-104).
479
Let c(y) = y**3 - 11*y**2 + 75*y - 13. Calculate c(5).
212
Let a(p) = p**2 + 293*p - 14335. Calculate a(41).
-641
Let f(x) = -3631*x - 76259. Give f(-21).
-8
Let m(s) = 4*s**3 - 39*s**2 - 13*s + 35. Give m(10).
5
Let b(t) = 13052*t - 117508. What is b(9)?
-40
Let o(w) = w**3 - 198*w**2 + 9660*w - 263. Give o(87).
-2
Let t(h) = 19*h**2 + 435*h - 47. Determine t(-23).
-1
Let p(k) = -k**2 + 212*k + 30641. What is p(-99)?
-148
Let u(l) = -l**2 - 141*l - 4636. Give u(-87).
62
Let z(x) = 22*x**2 + 2483*x - 14869. What is z(6)?
821
Let u(x) = 413*x + 2867. Calculate u(-5).
802
Let t(i) = 4*i + 1970. Calculate t(56).
2194
Let l(o) = -9476*o - 408112. Determine l(-43).
-644
Let k(p) = 135*p - 11256. What is k(83)?
-51
Let m(v) = 10837*v - 86698. Determine m(8).
-2
Let z(u) = -u**2 - 963860*u - 6746998. Determine z(-7).
-27
Let v(c) = 179*c + 10292. What is v(-60)?
-448
Let p(n) = 13*n**3 + 16*n + 1318. Calculate p(0).
1318
Let y(s) = -958*s - 188119. Determine y(-197).
607
Let o(r) = r**2 + 5382*r + 160569. Give o(-30).
9
Let w(j) = -15*j**2 - 1253*j - 1597. What is w(-82)?
289
Let r(y) = -68*y + 303. Determine r(5).
-37
Let y(z) = -2792*z + 92771. Give y(33).
635
Let k(j) = 25*j**3 - 153*j**2 + 194*j - 1137. What is k(6)?
-81
Let j(r) = -1982*r + 6931. Calculate j(3).
985
Let d(r) = -r**3 - 6*r**2 + 818*r + 10517. Determine d(-17).
-210
Let m(u) = -2*u**2 - 4357*u + 39333. What is m(9)?
-42
Let f(i) = 1739*i + 93892. Give f(-54).
-14
Let l(x) = -x**3 - 7*x**2 - 29475*x - 206337. Calculate l(-7).
-12
Let h(a) = -22023*a - 528548. Give h(-24).
4
Let p(v) = 25*v**2 - 3074*v + 2843. Calculate p(122).
-85
Let t(m) = -2*m**3 - 17*m**2 - 309*m - 1691. Give t(-6).
-17
Let q(h) = h**3 - 19*h**2 - 214. Determine q(18).
-538
Let l(r) = -4046*r + 222775. What is l(55)?
245
Let q(v) = 5*v**3 + 2*v**2 + 22*v + 41. What is q(-2)?
-35
Let f(d) = -14922*d - 89433. What is f(-6)?
99
Let o(p) = -6*p**2 + 272*p + 1301. Calculate o(-5).
-209
Let n(q) = 231*q**2 - 3899*q + 6506. Calculate n(15).
-4
Let o(d) = -d**3 - 13*d**2 - 1255*d - 22412. Give o(-17).
79
Let a(p) = -4*p**2 - 847*p - 38121. Give a(-147).
-48
Let s(y) = 15*y**3 - 62*y**2 - 457*y + 10. Determine s(-6).
-2720
Let n(f) = -156865*f - 41. Give n(0).
-41
Let o(i) = 2488*i + 218945. Calculate o(-88).
1
Let f(c) = -2*c**3 - 36*c**2 + 686*c + 8. Give f(14).
-2932
Let x(d) = -1795*d + 601328. Determine x(335).
3
Let i(a) = -a**2 + 1154*a - 305717. What is i(412)?
-13
Let p(j) = 187*j + 2019. Determine p(-8).
523
Let i(h) = -31*h**2 - 5042*h + 1846. Give i(-163).
53
Let w(f) = f**3 - 1008*f**2 + 201115*f + 693. Calculate w(734).
-41
Let v(t) = -1119*t + 303260. Calculate v(271).
11
Let l(k) = -46*k**3 - 11803*k**2 + 4885*k + 508. Give l(-257).
-6
Let o(m) = -2*m**2 + 2482*m - 7458. Give o(3).
-30
Let n(b) = 54*b**2 + 680*b + 14. Determine n(-14).
1078
Let u(w) = 2409*w - 81770. Determine u(34).
136
Let f(j) = -j**3 + 2*j**2 - 62*j - 302. Calculate f(0).
-302
Let b(z) = 258*z + 1661. Give b(-12).
-1435
Let b(v) = -v**3 - 19*v**2 + 185*v + 3625. What is b(-18)?
-29
Let j(n) = n**3 + 168*n**2 - 653*n + 36672. Calculate j(-173).
-4
Let o(h) = 1034*h - 56861. What is o(55)?
9
Let b(y) = 62*y**2 - 1184*y + 247. Calculate b(19).
133
Let y(c) = -185*c**2 + 44398*c - 253. Determine y(240).
-733
Let t(s) = 2*s**2 - 16380*s - 328374. Give t(-20).
26
Let v(q) = -142*q**2 + 96*q - 303. Calculate v(3).
-1293
Let m(y) = 2*y**2 + 208*y + 159. Give m(-109).
1249
Let s(b) = 133*b**2 - 66369*b + 285. Give s(499).
-713
Let u(v) = -12*v**3 + 7*v**2 + 1959*v - 5916. Determine u(3).
-300
Let d(m) = -2059*m - 45429. Give d(-22).
-131
Let m(x) = -7*x**2 + 641*x + 20345. Give m(-25).
-55
Let u(i) = -16834*i - 16707. Calculate u(-1).
127
Let s(r) = -r**2 + 670*r - 690. What is s(0)?
-690
Let z(f) = f**2 - 242*f - 11350. Give z(-42).
578
Let y(m) = -14*m**3 - 314*m**2 + 2393*m - 21. Give y(6).
9
Let p(d) = -13479*d - 646950. Determine p(-48).
42
Let s(y) = 11419*y**2 - 79876*y - 20. Determine s(7).
379
Let b(v) = v**3 + 240*v**2 - 1070*v + 354. What is b(4)?
-22
Let n(i) = 212*i**2 + 88*i - 174. Calculate n(2).
850
Let v(n) = 313*n - 37556. Calculate v(120).
4
Let p(t) = 5*t**3 + 256*t**2 + 358*t + 2892. Determine p(-50).
-8
Let f(t) = 2*t**2 + 23*t - 575. Give f(-39).
1570
Let x(b) = -32*b**3 - 8*b**2 - 2*b + 22. Determine x(3).
-920
Let y(o) = -18*o**2 + 9813*o + 18060. Determine y(547).
9
Let x(f) = -564*f**3 + 56*f**2 - 55*f - 1. Calculate x(1).
-564
Let s(x) = 3981*x + 1604364. Calculate s(-403).
21
Let u(z) = z**3 - 6*z**2 - 434*z + 4466. What is u(13)?
7
Let l(y) = -26*y**2 - 1132*y + 7916. Calculate l(7).
-1282
Let a(b) = -2*b**3 + 35*b**2 - 25*b + 828. What is a(18)?
54
Let f(a) = 27*a**2 - 11055*a + 4692. Determine f(409).
-216
Let u(p) = 2*p**2 - 468*p + 9095. Calculate u(21).
149
Let x(h) = -3*h**3 - 21*h**2 + 22046*h + 132420. Determine x(-6).
36
Let k(g) = 115*g**2 + 308*g - 601. Give k(-4).
7
Let d(y) = -y**3 - 50*y**2 + 263*y - 197. Give d(-55).
463
Let b(k) = -566*k + 5307. Determine b(9).
213
Let w(u) = 3*u**3 + 74*u**2 - 161*u - 3394. Give w(-25).
6
Let v(t) = -488756*t + 53763167. Give v(110).
7
Let j(u) = 2036*u**2 - 8165*u - 13. What is j(4)?
-97
Let r(f) = 4*f**2 + 79*f + 1621. Give r(0).
1621
Let j(o) = -998*o + 17048. What is j(18)?
-916
Let i(o) = -121920*o + 3048058. Determine i(25).
58
Let n(u) = -u**3 + 13*u**2 + 207*u - 540. Determine n(23).
-1069
Let q(v) = 433*v**2 + 16443*v - 308. Determine q(-38).
110
Let w(f) = -103*f**3 - 618*f**2 - 14*f - 34. Calculate w(-6).
50
Let d(q) = -5*q**2 + 59*q - 483. Give d(7).
-315
Let m(y) = 67*y**2 - 603*y + 43. Give m(9).
43
Let p(d) = -2*d**3 - 250*d**2 - 1602*d + 5921. Calculate p(-118).
21
Let z(l) = -227*l + 6685. Determine z(25).
1010
Let y(a) = -a**3 + 21*a**2 + 6*a - 633. Calculate y(17).
625
Let a(r) = r**2 + 72*r + 397. Give a(-10).
-223
Let t(w) = w**3 - 96*w**2 + 608*w + 1019. Calculate t(89).
-316
Let w(g) = -65*g**3 - 43*g**2 + 34*g + 2. Determine w(1).
-72
Let t(h) = -24*h**3 - 203*h**2 + 682*h + 115. What is t(-11)?
-6
Let y(o) = 2*o**2 - 52*o - 1843. Determine y(45).
-133
Let j(g) = 4*g**2 - 302*g - 1667. What is j(81)?
115
Let z(x) = -8*x**2 - 119*x + 20. What is z(-15)?
5
Let t(u) = -u**2 - 14*u + 1937. Give t(38).
-39
Let p(y) = 334*y + 52230. Give p(-160).
-1210
Let n(j) = -3*j**3 + 540*j**2 + 2764*j - 85. Determine n(-5).
-30
Let z(d) = -3*d**2 + 4134*d - 1420050. Calculate z(726).
6
Let b(k) = -262*k - 22771. Give b(-86).
-239
Let r(n) = -n**3 + 11*n**2 + 231*n - 2170. D